Convert 1011111101111000000111 (base 2) to base 7.
35443602
What is -1456406 (base 8) in base 7?
-3354555
1a7d29 (base 16) to base 11
a862a1
Convert -4495483 (base 10) to base 2.
-10001001001100001111011
What is -750618 (base 9) in base 15?
-8c51b
Convert -525153 (base 6) to base 13.
-16527
What is 20272 (base 8) in base 11?
6327
What is 384169 (base 15) in base 10?
2696949
Convert -110001001111010110100111 (base 2) to base 7.
-214500326
Convert b425 (base 14) to base 13.
11159
Convert 113260 (base 10) to base 8.
335154
Convert 2201120102 (base 3) to base 15.
10d58
What is 55349 (base 11) in base 15?
18bbb
-85317 (base 9) to base 3
-2212100121
What is 33176a (base 11) in base 2?
10000001001110110010
What is 984617 (base 10) in base 3?
1212000122022
Convert -71c3c3 (base 14) to base 8.
-16505707
18803 (base 11) to base 7
136363
What is 337785a (base 12) in base 9?
20502337
What is -7685142 (base 9) in base 2?
-1111110000011101001001
Convert -18856 (base 14) to base 2.
-1111001000111100
27c86b (base 15) to base 13
520b62
Convert 307300 (base 8) to base 12.
4b0a8
What is -10100110010111000000 (base 2) in base 6?
-22334400
128b18 (base 14) to base 10
638786
Convert 3022441220 (base 5) to base 8.
27077754
-422791 (base 13) to base 15
-2089e4
103533043 (base 6) to base 11
10627a1
What is 34765 (base 10) in base 2?
1000011111001101
Convert -9621 (base 12) to base 9.
-24487
20012202230 (base 4) to base 6
113305032
20cbe (base 16) to base 15
29c09
f5eb1 (base 16) to base 14
1c3129
-10011001101001110010 (base 2) to base 11
-39a938
-3401322 (base 5) to base 11
-40850
-2284575 (base 9) to base 4
-10231331321
Convert -44a378 (base 13) to base 9.
-3041853
What is 6608721 (base 9) in base 5?
1402034413
1100142 (base 5) to base 6
223005
Convert 60227613 (base 8) to base 15.
11a1464
What is -424503 (base 7) in base 16?
-11fb2
What is -169c86 (base 16) in base 3?
-2210021201210
-21110201221 (base 3) to base 8
-437173
Convert -234304000 (base 5) to base 11.
-683481
What is 101110010100110011000 (base 2) in base 7?
15621405
2b0b4 (base 12) to base 10
60616
Convert -55141040 (base 6) to base 12.
-674780
What is 87016 (base 9) in base 4?
32010012
110001111100000110011000 (base 2) to base 16
c7c198
-170071 (base 8) to base 9
-103320
-13412442 (base 5) to base 2
-100001110100000001
Convert -1341112 (base 6) to base 10.
-75428
134121320 (base 6) to base 3
12010000200110
What is 99a128 (base 11) in base 10?
1594689
Convert -9a3058 (base 11) to base 3.
-10000021200111
Convert -88873 (base 16) to base 4.
-2020201303
Convert -4050123 (base 6) to base 13.
-69bc1
Convert -2304204 (base 5) to base 9.
-62434
What is -445509 (base 11) in base 16?
-ad595
What is -4435040 (base 8) in base 6?
-41334120
Convert 302514 (base 7) to base 16.
c8a3
Convert 277464 (base 11) to base 10.
434460
1073363 (base 13) to base 10
5033915
639987 (base 10) to base 4
2130033303
10110001001000111010 (base 2) to base 13
1c5336
What is 33231313 (base 4) in base 10?
64375
-1e7604 (base 16) to base 11
-1143931
2404353 (base 6) to base 8
364755
-8562232 (base 9) to base 3
-22122002021002
-110001100000100100 (base 2) to base 12
-99430
Convert -145078 (base 14) to base 4.
-2230030202
Convert -15219 (base 14) to base 2.
-1100110101000111
What is d9b881 (base 16) in base 5?
12123043140
-22426250 (base 8) to base 10
-4861096
What is -1113115225 (base 6) in base 7?
-205406642
What is -159c7 (base 13) in base 16?
-a10e
-113301444 (base 5) to base 10
-525249
Convert 671406 (base 11) to base 15.
162344
Convert -5542881 (base 9) to base 14.
-578477
Convert 383fe (base 16) to base 6.
4534354
What is 311220113 (base 4) in base 7?
1603304
What is -28758 (base 9) in base 4?
-10301312
What is c73ca (base 13) in base 16?
57980
What is 1449632 (base 12) in base 14?
7831d4
What is 35315433 (base 6) in base 11?
690732
What is -244634652 (base 7) in base 8?
-72606126
Convert -10114514 (base 6) to base 9.
-481801
Convert -1340100444 (base 5) to base 12.
-119b211
What is 1123203120 (base 4) in base 3?
201001101220
Convert 200231130133 (base 4) to base 16.
82d71f
Convert 16212667 (base 8) to base 3.
21001001211200
-160773 (base 10) to base 9
-264476
What is -104110350 (base 6) in base 15?
-270a50
-233030130 (base 4) to base 7
-1433403
What is 20202102022 (base 3) in base 8?
403567
What is -27aa28 (base 14) in base 15?
-1c219b
What is 3385b (base 12) in base 4?
100300013
-100100110000110111 (base 2) to base 10
-150583
d26274 (base 14) to base 10
7085502
218a3 (base 14) to base 3
11010111122
Convert -1034346 (base 9) to base 4.
-2013111111
Convert 2a72c3 (base 15) to base 9.
3763043
100010111001000001010000 (base 2) to base 6
524012400
Convert 4705461 (base 9) to base 4.
21230320123
Convert 211122121121 (base 3) to base 8.
1546653
Convert -23505011 (base 6) to base 5.
-142133212
Convert 10110101100000001111100 (base 2) to base 11.
33a2503
What is 44330663 (base 7) in base 11?
2181090
-11000100110010011000 (base 2) to base 4
-3010302120
Convert 3436475 (base 9) to base 3.
10111020112112
Convert -129728 (base 14) to base 8.
-2343370
Convert -103031324 (base 5) to base 16.
-6b525
-77521055 (base 8) to base 4
-333222020231
-150045213 (base 6) to base 3
-12210202201000
Convert b275 (base 15) to base 5.
2201220
What is 222100231 (base 5) in base 10?
971941
Convert -12222010220 (base 3) to base 12.
-57b96
Convert -148611 (base 15) to base 11.
-616a8a
5107546 (base 8) to base 5
321104210
Convert 2231310003 (base 4) to base 11.
446988
What is -4301366 (base 7) in base 4?
-1333111103
11305425 (base 7) to base 13
28a2c5
What is -344144340 (base 5) in base 12?
-62a947
157b2 (base 15) to base 10
69242
30020424 (base 5) to base 7
2001200
Convert -766011 (base 8) to base 13.
-8ccba
-ba5a7 (base 13) to base 11
-210316
Convert 3101310120 (base 4) to base 3.
1121122220020
What is -232222100 (base 4) in base 6?
-4032452
Convert -24253014 (base 6) to base 15.
-102d91
What is -977c0 (base 14) in base 13?
-caa79
What is 2112002320 (base 4) in base 8?
2260270
-558803 (base 9) to base 6
-11100433
Convert -a3a8d (base 16) to base 15.
-d394e
Convert -129936 (base 13) to base 11.
-2879a8
Convert -203422 (base 10) to base 2.
-110001101010011110
-212212301 (base 4) to base 14
-418ad
-21212342 (base 5) to base 3
-100002200020
-10011101000001000111 (base 2) to base 3
-1012200020010
4d2a5 (base 15) to base 7
2046026
Convert -49279b (base 13) to base 6.
-101244130
Convert -141124024 (base 6) to base 10.
-2857264
Convert 8b1a2 (base 15) to base 4.
1230002012
-17045506 (base 8) to base 9
-7382307
Convert -101122010211 (base 3) to base 11.
-1332a7
What is 1540501 (base 6) in base 3?
11121200201
Convert -111010001111001101 (base 2) to base 14.
-62d09
Convert -11101001110000010 (base 2) to base 12.
-59316
-29611 (base 15) to base 13
-486c1
-778383 (base 16) to base 5
-4001114301
Convert -1010001100100100011 (base 2) to base 6.
-11054455
110413224 (base 5) to base 11
2aa408
What is -102131233123 (base 4) in base 3?
-100002220210111
Convert -48fbb (base 16) to base 3.
-120012001211
What is 4971076 (base 10) in base 4?
102331221010
-928d (base 16) to base 7
-214244
Convert 2746137 (base 8) to base 4.
2330301133
What is -132142231 (base 5) in base 10?
-662191
-540242 (base 6) to base 5
-2403122
-530942 (base 11) to base 8
-3174611
Convert -3685754 (base 10) to base 12.
-1298b62
What is -1381301 (base 12) in base 14?
-737693
What is 14aa67 (base 11) in base 7?
1663552
Convert -2120040 (base 5) to base 3.
-1210220012
-146415b (base 13) to base 3
-110012211212112
What is 12201112111 (base 3) in base 4?
123200101
Convert -3010144221 (base 5) to base 10.
-5943686
Convert 5502421 (base 6) to base 16.
4296d
What is 482826 (base 9) in base 5?
33301224
Convert -353302454 (base 6) to base 12.
-2264a2a
Convert 5a2cc6 (base 15) to base 7.
51441435
Convert -791c65 (base 16) to base 9.
-15836617
What is -162535 (base 7) in base 16?
-7daa
What is 24a419 (base 12) in base 5?
123122420
-47a69 (base 11) to base 14
-1b2c6
2366430 (base 7) to base 15
5e900
What is 2208713 (base 9) in base 6?
41241103
-1010010111111100010 (base 2) to base 9
-567268
What is 101000110111101110 (base 2) in base 12?
80a66
-123141214 (base 5) to base 2
-10010010011000000111
-256a7 (base 14) to base 7
-53160